se 5.
221031
-122033 (base 4) to base 8
-3217
Convert 22103 (base 4) to base 2.
1010010011
a208 (base 11) to base 16
34f8
-881 (base 10) to base 7
-2366
Convert 19207 (base 12) to base 13.
13861
What is -2ab (base 12) in base 9?
-515
Convert -47b (base 16) to base 3.
-1120111
Convert -49c (base 13) to base 14.
-417
-b3eb (base 15) to base 11
-26625
What is 1303422 (base 5) in base 2?
110001110001111
55424 (base 9) to base 11
25711
-4041031 (base 5) to base 2
-1111111001110101
Convert 11011111010 (base 2) to base 9.
2404
Convert -2416 (base 9) to base 2.
-11100000101
6640 (base 7) to base 13
1111
2b60 (base 13) to base 5
200311
What is -10110122 (base 4) in base 8?
-42432
Convert -6270 (base 15) to base 3.
-1001112120
Convert 1087 (base 14) to base 16.
b2f
1320 (base 7) to base 12
360
132220 (base 4) to base 8
3650
8586 (base 10) to base 2
10000110001010
What is -1604 (base 7) in base 14?
-33b
What is 6001 (base 16) in base 4?
12000001
What is -2073 (base 9) in base 4?
-113310
Convert -480 (base 13) to base 2.
-1100001100
211324 (base 7) to base 2
1000111010101011
Convert -8044 (base 10) to base 13.
-387a
Convert -e0 (base 15) to base 3.
-21210
Convert 4426 (base 11) to base 8.
13314
What is -10001010110 (base 2) in base 9?
-1463
Convert 2122000 (base 3) to base 4.
131331
Convert -3481 (base 13) to base 5.
-213442
4000 (base 6) to base 4
31200
-278b (base 15) to base 11
-6398
-2111022012 (base 3) to base 6
-1015052
1010100111011010 (base 2) to base 14
11bbc
Convert -241e (base 15) to base 8.
-16777
What is -ea86 (base 15) in base 4?
-30013122
-444432 (base 5) to base 9
-23372
Convert 1219 (base 13) to base 12.
1591
47376 (base 8) to base 3
1000201222
10009 (base 11) to base 2
11100100111010
What is 13453 (base 6) in base 2?
100001001001
Convert -11010101 (base 2) to base 15.
-e3
-13531 (base 6) to base 16
-85f
Convert -b6 (base 13) to base 9.
-175
What is 102222212 (base 3) in base 4?
2020220
221 (base 5) to base 10
61
What is -2033 (base 6) in base 13?
-28b
What is -12171 (base 9) in base 7?
-32542
What is -1555 (base 8) in base 6?
-4021
Convert -11940 (base 11) to base 15.
-5105
Convert ff7 (base 16) to base 3.
12121101
Convert 76 (base 15) to base 16.
6f
Convert -46103 (base 8) to base 15.
-5bb8
Convert 543 (base 8) to base 14.
1b5
-3231 (base 4) to base 10
-237
What is 302400 (base 5) in base 9?
14305
What is -213100 (base 4) in base 13?
-11b3
What is 2010014 (base 5) in base 15?
96a9
Convert -314 (base 6) to base 3.
-11101
Convert 2a (base 11) to base 12.
28
What is 1020001 (base 4) in base 12?
2801
What is 203 (base 14) in base 12?
28b
What is 2502 (base 8) in base 4?
111002
What is 6e (base 16) in base 15?
75
Convert -1020012020 (base 3) to base 2.
-101111010000110
Convert -1203 (base 7) to base 9.
-543
What is -111344 (base 5) in base 8?
-7606
What is 26c1 (base 13) in base 15?
19b0
Convert 136044 (base 7) to base 3.
1022210200
Convert 16151 (base 7) to base 8.
10700
What is -10010101000 (base 2) in base 15?
-547
3375 (base 8) to base 6
12141
Convert -36a (base 13) to base 12.
-417
Convert 92 (base 14) to base 6.
332
Convert 215213 (base 7) to base 13.
142b8
What is 177 (base 16) in base 5?
3000
What is 31242 (base 5) in base 8?
4030
17463 (base 11) to base 9
36554
What is -111000101 (base 2) in base 15?
-203
What is 1348 (base 9) in base 13?
602
What is -23b (base 12) in base 3?
-110102
Convert 2634 (base 14) to base 9.
10175
Convert 2540 (base 6) to base 7.
1566
What is -226 (base 8) in base 2?
-10010110
Convert 13431 (base 7) to base 14.
1488
Convert -114143 (base 6) to base 15.
-2e69
What is 6206 (base 7) in base 14?
b06
Convert 111000 (base 4) to base 14.
6c0
1020 (base 9) to base 4
23223
Convert -101001010100111 (base 2) to base 13.
-9828
Convert 125152 (base 6) to base 13.
531b
Convert -4749 (base 13) to base 12.
-5980
Convert -b61 (base 12) to base 2.
-11001111001
Convert -1000021 (base 3) to base 9.
-1007
-af0 (base 16) to base 10
-2800
What is -25d (base 14) in base 2?
-111011011
What is -2373 (base 10) in base 2?
-100101000101
What is -76101 (base 9) in base 6?
-1025131
What is -205153 (base 6) in base 15?
-4e36
What is 120102 (base 4) in base 3?
2010120
What is b7c (base 16) in base 3?
11000220
-8981 (base 13) to base 9
-28305
What is -1011031 (base 4) in base 7?
-15625
Convert c3a (base 15) to base 8.
5303
-2122 (base 3) to base 14
-51
Convert -21424 (base 5) to base 3.
-2001011
-26501 (base 7) to base 8
-15702
What is 32030 (base 5) in base 9?
2837
-6cb4 (base 14) to base 16
-4a1e
What is -517 (base 9) in base 15?
-1d1
What is -46940 (base 11) in base 6?
-1241203
-10010000001011 (base 2) to base 3
-110122202
What is -112100021 (base 3) in base 16?
-28d8
What is -224533 (base 6) in base 5?
-1103314
What is -1639 (base 10) in base 11?
-1260
-22211 (base 5) to base 15
-6db
-2022002 (base 3) to base 2
-11010001100
What is -2513 (base 10) in base 3?
-10110002
-1471 (base 8) to base 10
-825
-182bb (base 13) to base 9
-70860
What is 2011210010 (base 3) in base 9?
64703
Convert 1110001001010 (base 2) to base 6.
53310
What is 245453 (base 6) in base 11?
15584
What is -202263 (base 7) in base 11?
-23972
-11355 (base 6) to base 10
-1655
What is -1397 (base 15) in base 14?
-1756
Convert 175 (base 14) to base 16.
12b
1999 (base 14) to base 11
3541
Convert -123210 (base 5) to base 8.
-11305
Convert 11185 (base 11) to base 10.
16186
What is 4214 (base 10) in base 11?
3191
What is 1d4 (base 15) in base 6?
1544
121612 (base 7) to base 14
8179
Convert -1aa (base 14) to base 10.
-346
Convert -1120000 (base 3) to base 14.
-5b0
2120000100 (base 3) to base 10
50310
-4a95 (base 12) to base 13
-3b12
Convert ca76 (base 16) to base 13.
1a78c
What is -2cfb (base 16) in base 11?
-8719
What is -102210120 (base 3) in base 7?
-34035
What is 200030 (base 4) in base 11?
1603
What is -1311 (base 8) in base 7?
-2036
17678 (base 13) to base 7
245231
2432432 (base 5) to base 6
552532
Convert 43220 (base 5) to base 6.
21331
Convert 4955 (base 10) to base 12.
2a4b
Convert -11202031 (base 4) to base 10.
-22669
What is 12102 (base 3) in base 15?
9b
What is 752 (base 11) in base 15?
404
What is 65b6 (base 12) in base 10?
11226
What is 3825 (base 12) in base 14?
2469
-10121221 (base 3) to base 14
-d6c
8d52 (base 15) to base 10
30002
Convert 2001001 (base 3) to base 14.
782
Convert 13012 (base 12) to base 13.
ba5c
818 (base 10) to base 7
2246
Convert 52b (base 16) to base 5.
20243
Convert 6c06 (base 15) to base 16.
59ac
Convert -1031400 (base 5) to base 7.
-102451
What is 5328 (base 12) in base 6?
110052
-5542 (base 9) to base 11
-3087
Convert -100011111111 (base 2) to base 4.
-203333
Convert 112201012 (base 3) to base 6.
121352
What is 4544 (base 9) in base 2?
110100100001
What is 1332 (base 5) in base 15?
e7
Convert 721 (base 10) to base 6.
3201
Convert -12301 (base 5) to base 3.
-1022020
Convert 5267 (base 11) to base 3.
100120011
What is 7757 (base 10) in base 5?
222012
Convert 1798 (base 16) to base 13.
2998
What is 3411 (base 5) in base 4?
13201
-4bb4 (base 12) to base 10
-8632
Convert 3db (base 14) to base 15.
371
What is -2e0 (base 15) in base 10?
-660
Convert -44 (base 11) to base 15.
-33
Convert 2978 (base 13) to base 14.
2298
What is -1100122 (base 3) in base 10?
-989
What is -3813 (base 9) in base 2?
-101100011111
-12104 (base 9) to base 12
-4834
What is 337b (base 12) in base 15?
1a5b
601 (base 13) to base 11
843
-31003021 (base 4) to base 2
-1101000011001001
-6992 (base 10) to base 13
-324b
What is 116 (base 13) in base 11?
161
Convert a46 (base 11) to base 12.
890
What is 274b (base 14) in base 6?
52023
Convert -1011000100101010 (base 2) to base 12.
-222b6
2100 (base 5) to base 7
542
What is 1331 (base 5) in base 4?
3120
-720 (base 11) to base 16
-365
-655 (base 11) to base 12
-556
What is -1110001001111 (base 2) in base 9?
-10842
3302010 (base 4) to base 15
48cc
Convert 323 (base 15) to base 6.
3140
2558 (base 12) to base 7
15242
What is 251 (base 16) in base 14?
305
What is -1021 (base 4) in base 10?
-73
-8442 (base 12) to base 3
-201211012
Convert -2a792 (base 11) to base 5.
-2343130
-4b7 (base 15) to base 14
-568
Convert 18862 (base 9) to base 2.
11001100101001
Convert -2b326 (base 12) to base 6.
-1150050
477 (base 9) to base 5
3034
Convert 2